{"id":259,"date":"2024-03-27T08:46:40","date_gmt":"2024-03-27T07:46:40","guid":{"rendered":"https:\/\/ldv.sace.fr\/?page_id=259"},"modified":"2025-06-24T16:31:11","modified_gmt":"2025-06-24T14:31:11","slug":"centre-de-loisirs-dandouille","status":"publish","type":"page","link":"https:\/\/ldv.sace.fr\/index.php\/la-vie-communale\/jeunesse\/centre-de-loisirs-dandouille\/","title":{"rendered":"Centre de loisirs d&rsquo;Andouill\u00e9"},"content":{"rendered":"\n<p>La commune de Sac\u00e9 n\u2019a pas de centre de loisirs pour le mercredi et les vacances scolaires, elle a donc conventionn\u00e9 avec la commune voisine d\u2019Andouill\u00e9. Les enfants de Sac\u00e9 sont ainsi accueillis dans les m\u00eames conditions et les m\u00eames tarifs que ceux d\u2019Andouill\u00e9.<\/p>\n\n\n\n<p>Les horaires d\u2019accueil sont les suivants :<br>Centre de loisirs : 9h \u00e0 17h (d\u00e9part \u00e9chelonn\u00e9 entre 17h et 17h15)<br>Garderie : 7h30-9h et 17h15-19h00<br>D\u00e9jeuner : 12h00 \u00e0 13h30 (au restaurant scolaire) les enfants qui ne vont pas au centre de loisirs sont \u00e0 r\u00e9cup\u00e9rer \u00e0 12h ou \u00e0 13h30 au centre de loisirs.<\/p>\n\n\n\n<p>Les enfants sont accueillis par l\u2019\u00e9quipe d\u2019animation qui propose plusieurs activit\u00e9s vari\u00e9es (manuelles, sportives, ateliers, sorties).<\/p>\n\n\n\n<p>Les tarifs du centre de loisirs au 01\/01\/2023 sont les suivants :<\/p>\n\n\n\n<figure class=\"wp-block-table aligncenter\"><table><tbody><tr><td rowspan=\"2\"><\/td><td class=\"has-text-align-center\" data-align=\"center\" colspan=\"4\">Andouill\u00e9, Sac\u00e9, Montflours<\/td><\/tr><tr><td>QF \u2264 700<\/td><td class=\"has-text-align-center\" data-align=\"center\">QF entre 701 et 1000<\/td><td class=\"has-text-align-center\" data-align=\"center\">QF entre 1001 et 1250<\/td><td class=\"has-text-align-center\" data-align=\"center\">QF &gt; 1250<\/td><\/tr><tr><td>Tarif journ\u00e9e<\/td><td class=\"has-text-align-center\" data-align=\"center\">7,80 \u20ac<\/td><td class=\"has-text-align-center\" data-align=\"center\">8,00 \u20ac<\/td><td class=\"has-text-align-center\" data-align=\"center\">8,30 \u20ac<\/td><td class=\"has-text-align-center\" data-align=\"center\">8,80 \u20ac<\/td><\/tr><tr><td>Tarif 1\/2 journ\u00e9e<br>(possible uniquement le mercredi hors vacances)<\/td><td class=\"has-text-align-center\" data-align=\"center\">3,90 \u20ac<\/td><td class=\"has-text-align-center\" data-align=\"center\">4,00 \u20ac<\/td><td class=\"has-text-align-center\" data-align=\"center\">4,15 \u20ac<\/td><td class=\"has-text-align-center\" data-align=\"center\">4,40 \u20ac<\/td><\/tr><\/tbody><\/table><\/figure>\n\n\n\n<p>Repas de cantine au 01\/01\/2023 : 3,90 \u20ac pour les maternelles \/ 4,20 \u20ac pour les \u00e9l\u00e9mentaires<br>Possibilit\u00e9 de paiement en tickets-CAF et Ch\u00e8ques vacances<br>Les go\u00fbters sont compris dans le tarif de la journ\u00e9e ou de la demi-journ\u00e9e.<br>Des suppl\u00e9ments sont possibles selon les sorties.<br>Les inscriptions se font sur le portail citoyen de la commune d\u2019Andouill\u00e9.<\/p>\n","protected":false},"excerpt":{"rendered":"<p>La commune de Sac\u00e9 n\u2019a pas de centre de loisirs pour le mercredi et les vacances scolaires, elle a donc conventionn\u00e9 avec la commune voisine d\u2019Andouill\u00e9. Les enfants de Sac\u00e9 [&hellip;]<\/p>\n","protected":false},"author":1,"featured_media":0,"parent":255,"menu_order":5,"comment_status":"closed","ping_status":"closed","template":"","meta":{"_EventAllDay":false,"_EventTimezone":"","_EventStartDate":"","_EventEndDate":"","_EventStartDateUTC":"","_EventEndDateUTC":"","_EventShowMap":false,"_EventShowMapLink":false,"_EventURL":"","_EventCost":"","_EventCostDescription":"","_EventCurrencySymbol":"","_EventCurrencyCode":"","_EventCurrencyPosition":"","_EventDateTimeSeparator":"","_EventTimeRangeSeparator":"","_EventOrganizerID":[],"_EventVenueID":[],"_OrganizerEmail":"","_OrganizerPhone":"","_OrganizerWebsite":"","_VenueAddress":"","_VenueCity":"","_VenueCountry":"","_VenueProvince":"","_VenueState":"","_VenueZip":"","_VenuePhone":"","_VenueURL":"","_VenueStateProvince":"","_VenueLat":"","_VenueLng":"","_VenueShowMap":false,"_VenueShowMapLink":false,"footnotes":""},"class_list":["post-259","page","type-page","status-publish","hentry"],"_links":{"self":[{"href":"https:\/\/ldv.sace.fr\/index.php\/wp-json\/wp\/v2\/pages\/259","targetHints":{"allow":["GET"]}}],"collection":[{"href":"https:\/\/ldv.sace.fr\/index.php\/wp-json\/wp\/v2\/pages"}],"about":[{"href":"https:\/\/ldv.sace.fr\/index.php\/wp-json\/wp\/v2\/types\/page"}],"author":[{"embeddable":true,"href":"https:\/\/ldv.sace.fr\/index.php\/wp-json\/wp\/v2\/users\/1"}],"replies":[{"embeddable":true,"href":"https:\/\/ldv.sace.fr\/index.php\/wp-json\/wp\/v2\/comments?post=259"}],"version-history":[{"count":2,"href":"https:\/\/ldv.sace.fr\/index.php\/wp-json\/wp\/v2\/pages\/259\/revisions"}],"predecessor-version":[{"id":855,"href":"https:\/\/ldv.sace.fr\/index.php\/wp-json\/wp\/v2\/pages\/259\/revisions\/855"}],"up":[{"embeddable":true,"href":"https:\/\/ldv.sace.fr\/index.php\/wp-json\/wp\/v2\/pages\/255"}],"wp:attachment":[{"href":"https:\/\/ldv.sace.fr\/index.php\/wp-json\/wp\/v2\/media?parent=259"}],"curies":[{"name":"wp","href":"https:\/\/api.w.org\/{rel}","templated":true}]}}