{"id":373,"date":"2024-03-28T16:23:33","date_gmt":"2024-03-28T15:23:33","guid":{"rendered":"https:\/\/ldv.sace.fr\/?page_id=373"},"modified":"2024-03-28T16:29:50","modified_gmt":"2024-03-28T15:29:50","slug":"histoire-de-salle-communale","status":"publish","type":"page","link":"https:\/\/ldv.sace.fr\/index.php\/en-pratique\/vie-quotidienne\/salle-communale\/histoire-de-salle-communale\/","title":{"rendered":"Histoire de salle communale"},"content":{"rendered":"\n<p>Construire totalement une salle communale, c\u2019est le pari compl\u00e8tement fou des sac\u00e9ens. En 1984 la commune ne comptait que 250&nbsp;habitants, la mairie n\u2019avait pas les moyens de construire cette salle, alors les habitants l\u2019ont faite eux-m\u00eames&nbsp;!<\/p>\n\n\n\n<p>En \u00e0 peine 6&nbsp;semaines \u00e0 l\u2019\u00e9t\u00e9&nbsp;1984, le b\u00e2timent est mont\u00e9 et couvert, seul le charpentier sera intervenu, tout le reste a \u00e9t\u00e9 fait par les sac\u00e9ens. Apr\u00e8s un m\u00e9choui accueillant 150&nbsp;personnes dans une salle sans fen\u00eatres \u00e0 la rentr\u00e9e de septembre, il est temps de se remettre au travail \u00e0 chaque p\u00e9riode de vacances. La salle de 200&nbsp;m\u00b2 est ainsi termin\u00e9e \u00e0 l\u2019\u00e9t\u00e9&nbsp;1985.&nbsp;<\/p>\n\n\n\n<p>1\/3 de la population de l\u2019\u00e9poque a particip\u00e9 au chantier, cela repr\u00e9sente 3\u00a0500\u00a0h de b\u00e9n\u00e9volat qui sont valoris\u00e9es \u00e0 230\u00a0000\u00a0francs de l\u2019\u00e9poque. Le co\u00fbt pour la commune qui n\u2019a eu qu\u2019\u00e0 fournir les mat\u00e9riaux est r\u00e9duit de moiti\u00e9.<\/p>\n\n\n\n<p>40&nbsp;ans apr\u00e8s sa construction par les habitants en 1984\/1985, cette salle n\u2019\u00e9tait plus adapt\u00e9e. Il fallait se remettre aux normes de s\u00e9curit\u00e9, d\u2019accessibilit\u00e9 et d\u2019hygi\u00e8ne, mais aussi agrandir la surface pour mieux correspondre aux besoins de la population qui a doubl\u00e9 depuis la construction initiale.&nbsp;<\/p>\n\n\n\n<p>La salle \u00ab&nbsp;historique&nbsp;\u00bb est d\u00e9sormais d\u2019un seul tenant, la cantine construite en 2004 en m\u00eame temps que la nouvelle \u00e9cole est devenue la cuisine, et le nouveau b\u00e2timent de 150&nbsp;m\u00b2 dans lequel vous \u00eates actuellement accueille le hall d\u2019entr\u00e9e, les sanitaires, des locaux de stockage, le bar, etc.&nbsp;<\/p>\n\n\n\n<p>Cette salle permet chaque jour la cantine scolaire et les activit\u00e9s sportives de l\u2019\u00e9cole, mais peut aussi recevoir des r\u00e9unions d\u2019associations, d\u2019entreprises ou d\u2019autres structures mayennaises. Le week-end elle devient une salle des f\u00eates pour les associations et les familles.<\/p>\n\n\n\n<p>Avec l\u2019assistance \u00e0 ma\u00eetrise d\u2019ouvrage de Laval Mayenne Am\u00e9nagements et la ma\u00eetrise d\u2019\u0153uvre de l\u2019architecte mayennais Christophe Le Bert, la commune a investi 800&nbsp;000&nbsp;\u20ac HT de travaux r\u00e9alis\u00e9s \u00e0 100&nbsp;% par des entreprises du d\u00e9partement.<\/p>\n\n\n\n<p>Ce projet a re\u00e7u le soutien financier de l\u2019\u00c9tat, la r\u00e9gion Pays de la Loire, le d\u00e9partement de la Mayenne, Mayenne Communaut\u00e9, l\u2019ADEME, ainsi que de nombreux donateurs particuliers ou entreprises. Le solde a \u00e9t\u00e9 financ\u00e9 par un emprunt aupr\u00e8s de la Banque des Territoires.<\/p>\n","protected":false},"excerpt":{"rendered":"<p>Construire totalement une salle communale, c\u2019est le pari compl\u00e8tement fou des sac\u00e9ens. En 1984 la commune ne comptait que 250&nbsp;habitants, la mairie n\u2019avait pas les moyens de construire cette salle, [&hellip;]<\/p>\n","protected":false},"author":1,"featured_media":0,"parent":335,"menu_order":0,"comment_status":"closed","ping_status":"closed","template":"","meta":{"_EventAllDay":false,"_EventTimezone":"","_EventStartDate":"","_EventEndDate":"","_EventStartDateUTC":"","_EventEndDateUTC":"","_EventShowMap":false,"_EventShowMapLink":false,"_EventURL":"","_EventCost":"","_EventCostDescription":"","_EventCurrencySymbol":"","_EventCurrencyCode":"","_EventCurrencyPosition":"","_EventDateTimeSeparator":"","_EventTimeRangeSeparator":"","_EventOrganizerID":[],"_EventVenueID":[],"_OrganizerEmail":"","_OrganizerPhone":"","_OrganizerWebsite":"","_VenueAddress":"","_VenueCity":"","_VenueCountry":"","_VenueProvince":"","_VenueState":"","_VenueZip":"","_VenuePhone":"","_VenueURL":"","_VenueStateProvince":"","_VenueLat":"","_VenueLng":"","_VenueShowMap":false,"_VenueShowMapLink":false,"footnotes":""},"class_list":["post-373","page","type-page","status-publish","hentry"],"_links":{"self":[{"href":"https:\/\/ldv.sace.fr\/index.php\/wp-json\/wp\/v2\/pages\/373","targetHints":{"allow":["GET"]}}],"collection":[{"href":"https:\/\/ldv.sace.fr\/index.php\/wp-json\/wp\/v2\/pages"}],"about":[{"href":"https:\/\/ldv.sace.fr\/index.php\/wp-json\/wp\/v2\/types\/page"}],"author":[{"embeddable":true,"href":"https:\/\/ldv.sace.fr\/index.php\/wp-json\/wp\/v2\/users\/1"}],"replies":[{"embeddable":true,"href":"https:\/\/ldv.sace.fr\/index.php\/wp-json\/wp\/v2\/comments?post=373"}],"version-history":[{"count":2,"href":"https:\/\/ldv.sace.fr\/index.php\/wp-json\/wp\/v2\/pages\/373\/revisions"}],"predecessor-version":[{"id":375,"href":"https:\/\/ldv.sace.fr\/index.php\/wp-json\/wp\/v2\/pages\/373\/revisions\/375"}],"up":[{"embeddable":true,"href":"https:\/\/ldv.sace.fr\/index.php\/wp-json\/wp\/v2\/pages\/335"}],"wp:attachment":[{"href":"https:\/\/ldv.sace.fr\/index.php\/wp-json\/wp\/v2\/media?parent=373"}],"curies":[{"name":"wp","href":"https:\/\/api.w.org\/{rel}","templated":true}]}}