{"id":771,"date":"2024-06-06T07:32:43","date_gmt":"2024-06-06T05:32:43","guid":{"rendered":"https:\/\/ldv.sace.fr\/?page_id=771"},"modified":"2025-06-24T14:59:58","modified_gmt":"2025-06-24T12:59:58","slug":"les-elus2","status":"publish","type":"page","link":"https:\/\/ldv.sace.fr\/index.php\/commune\/conseil-municipal\/les-elus2\/","title":{"rendered":"Les \u00e9lus"},"content":{"rendered":"\n<p class=\"has-text-align-center\"><\/p>\n\n\n\n<div class=\"wp-block-columns is-layout-flex wp-container-core-columns-is-layout-28f84493 wp-block-columns-is-layout-flex\">\n<div class=\"wp-block-column is-layout-flow wp-block-column-is-layout-flow\">\n<figure class=\"wp-block-image size-full is-resized\"><img loading=\"lazy\" decoding=\"async\" width=\"512\" height=\"511\" src=\"https:\/\/ldv.sace.fr\/wp-content\/uploads\/2024\/03\/antoine-1.jpg\" alt=\"\" class=\"wp-image-60\" style=\"width:333px\" srcset=\"https:\/\/ldv.sace.fr\/wp-content\/uploads\/2024\/03\/antoine-1.jpg 512w, https:\/\/ldv.sace.fr\/wp-content\/uploads\/2024\/03\/antoine-1-300x300.jpg 300w, https:\/\/ldv.sace.fr\/wp-content\/uploads\/2024\/03\/antoine-1-150x150.jpg 150w\" sizes=\"auto, (max-width: 512px) 100vw, 512px\" \/><\/figure>\n\n\n\n<h3 class=\"wp-block-heading\">Antoine Valpr\u00e9mit, maire<\/h3>\n\n\n\n<p>1er vice-pr\u00e9sident de Mayenne Communaut\u00e9, <br>conseiller d\u00e9partemental<br>49 ans<\/p>\n<\/div>\n\n\n\n<div class=\"wp-block-column is-layout-flow wp-block-column-is-layout-flow\">\n<figure class=\"wp-block-image size-large is-resized\"><img loading=\"lazy\" decoding=\"async\" width=\"1024\" height=\"1024\" src=\"https:\/\/ldv.sace.fr\/wp-content\/uploads\/2024\/03\/jerome_c-scaled-1-1024x1024.jpg\" alt=\"\" class=\"wp-image-67\" style=\"width:333px\" srcset=\"https:\/\/ldv.sace.fr\/wp-content\/uploads\/2024\/03\/jerome_c-scaled-1-1024x1024.jpg 1024w, https:\/\/ldv.sace.fr\/wp-content\/uploads\/2024\/03\/jerome_c-scaled-1-300x300.jpg 300w, https:\/\/ldv.sace.fr\/wp-content\/uploads\/2024\/03\/jerome_c-scaled-1-150x150.jpg 150w, https:\/\/ldv.sace.fr\/wp-content\/uploads\/2024\/03\/jerome_c-scaled-1-768x768.jpg 768w, https:\/\/ldv.sace.fr\/wp-content\/uploads\/2024\/03\/jerome_c-scaled-1-1536x1536.jpg 1536w, https:\/\/ldv.sace.fr\/wp-content\/uploads\/2024\/03\/jerome_c-scaled-1-2048x2048.jpg 2048w, https:\/\/ldv.sace.fr\/wp-content\/uploads\/2024\/03\/jerome_c-scaled-1-676x676.jpg 676w\" sizes=\"auto, (max-width: 1024px) 100vw, 1024px\" \/><\/figure>\n\n\n\n<h3 class=\"wp-block-heading\">J\u00e9r\u00f4me Cormier, adjoint<\/h3>\n\n\n\n<p>Conseiller p\u00e9dagogique<br>52 ans<br><\/p>\n\n\n\n<h4 class=\"wp-block-heading\">Groupes de travail<\/h4>\n\n\n\n<ul class=\"wp-block-list\">\n<li>Affaires scolaires<\/li>\n\n\n\n<li>Communication<\/li>\n<\/ul>\n<\/div>\n<\/div>\n\n\n\n<div style=\"height:60px\" aria-hidden=\"true\" class=\"wp-block-spacer\"><\/div>\n\n\n\n<h2 class=\"wp-block-heading has-text-align-center\" style=\"text-transform:none\">CONSEILLERS<\/h2>\n\n\n\n<div class=\"wp-block-columns is-layout-flex wp-container-core-columns-is-layout-28f84493 wp-block-columns-is-layout-flex\">\n<div class=\"wp-block-column is-layout-flow wp-block-column-is-layout-flow\">\n<figure class=\"wp-block-image size-large is-resized\"><img loading=\"lazy\" decoding=\"async\" width=\"1024\" height=\"1024\" src=\"https:\/\/ldv.sace.fr\/wp-content\/uploads\/2024\/03\/elodie_c-scaled-1-1024x1024.jpg\" alt=\"\" class=\"wp-image-68\" style=\"width:333px\" srcset=\"https:\/\/ldv.sace.fr\/wp-content\/uploads\/2024\/03\/elodie_c-scaled-1-1024x1024.jpg 1024w, https:\/\/ldv.sace.fr\/wp-content\/uploads\/2024\/03\/elodie_c-scaled-1-300x300.jpg 300w, https:\/\/ldv.sace.fr\/wp-content\/uploads\/2024\/03\/elodie_c-scaled-1-150x150.jpg 150w, https:\/\/ldv.sace.fr\/wp-content\/uploads\/2024\/03\/elodie_c-scaled-1-768x768.jpg 768w, https:\/\/ldv.sace.fr\/wp-content\/uploads\/2024\/03\/elodie_c-scaled-1-1536x1536.jpg 1536w, https:\/\/ldv.sace.fr\/wp-content\/uploads\/2024\/03\/elodie_c-scaled-1-2048x2048.jpg 2048w, https:\/\/ldv.sace.fr\/wp-content\/uploads\/2024\/03\/elodie_c-scaled-1-676x676.jpg 676w\" sizes=\"auto, (max-width: 1024px) 100vw, 1024px\" \/><\/figure>\n\n\n\n<h3 class=\"wp-block-heading\">\u00c9lodie Chemineau<\/h3>\n\n\n\n<p>Assistante maternelle <br>32 ans<\/p>\n\n\n\n<h4 class=\"wp-block-heading\">Groupes de travail<\/h4>\n\n\n\n<ul class=\"wp-block-list\">\n<li>Affaires scolaires<\/li>\n\n\n\n<li>Communication<\/li>\n<\/ul>\n<\/div>\n\n\n\n<div class=\"wp-block-column is-layout-flow wp-block-column-is-layout-flow\">\n<figure class=\"wp-block-image size-large is-resized\"><img loading=\"lazy\" decoding=\"async\" width=\"1024\" height=\"1024\" src=\"https:\/\/ldv.sace.fr\/wp-content\/uploads\/2024\/03\/bruno-scaled-2-1024x1024.jpg\" alt=\"\" class=\"wp-image-69\" style=\"width:333px\" srcset=\"https:\/\/ldv.sace.fr\/wp-content\/uploads\/2024\/03\/bruno-scaled-2-1024x1024.jpg 1024w, https:\/\/ldv.sace.fr\/wp-content\/uploads\/2024\/03\/bruno-scaled-2-300x300.jpg 300w, https:\/\/ldv.sace.fr\/wp-content\/uploads\/2024\/03\/bruno-scaled-2-150x150.jpg 150w, https:\/\/ldv.sace.fr\/wp-content\/uploads\/2024\/03\/bruno-scaled-2-768x768.jpg 768w, https:\/\/ldv.sace.fr\/wp-content\/uploads\/2024\/03\/bruno-scaled-2-1536x1536.jpg 1536w, https:\/\/ldv.sace.fr\/wp-content\/uploads\/2024\/03\/bruno-scaled-2-2048x2048.jpg 2048w, https:\/\/ldv.sace.fr\/wp-content\/uploads\/2024\/03\/bruno-scaled-2-676x676.jpg 676w\" sizes=\"auto, (max-width: 1024px) 100vw, 1024px\" \/><\/figure>\n\n\n\n<h3 class=\"wp-block-heading\">Bruno Moussay <\/h3>\n\n\n\n<p>Agriculteur <br>60 ans<\/p>\n\n\n\n<h4 class=\"wp-block-heading\">Groupes de travail<\/h4>\n\n\n\n<ul class=\"wp-block-list\">\n<li>Appels d&rsquo;offres<\/li>\n\n\n\n<li>Finances<\/li>\n\n\n\n<li>Travaux<\/li>\n<\/ul>\n<\/div>\n<\/div>\n\n\n\n<div style=\"height:30px\" aria-hidden=\"true\" class=\"wp-block-spacer\"><\/div>\n\n\n\n<div class=\"wp-block-columns is-layout-flex wp-container-core-columns-is-layout-28f84493 wp-block-columns-is-layout-flex\">\n<div class=\"wp-block-column is-layout-flow wp-block-column-is-layout-flow\">\n<figure class=\"wp-block-image size-large is-resized\"><img loading=\"lazy\" decoding=\"async\" width=\"1024\" height=\"1024\" src=\"https:\/\/ldv.sace.fr\/wp-content\/uploads\/2024\/03\/nathalie-scaled-1-1024x1024.jpg\" alt=\"\" class=\"wp-image-153\" style=\"width:332px\" srcset=\"https:\/\/ldv.sace.fr\/wp-content\/uploads\/2024\/03\/nathalie-scaled-1-1024x1024.jpg 1024w, https:\/\/ldv.sace.fr\/wp-content\/uploads\/2024\/03\/nathalie-scaled-1-300x300.jpg 300w, https:\/\/ldv.sace.fr\/wp-content\/uploads\/2024\/03\/nathalie-scaled-1-150x150.jpg 150w, https:\/\/ldv.sace.fr\/wp-content\/uploads\/2024\/03\/nathalie-scaled-1-768x768.jpg 768w, https:\/\/ldv.sace.fr\/wp-content\/uploads\/2024\/03\/nathalie-scaled-1-1536x1536.jpg 1536w, https:\/\/ldv.sace.fr\/wp-content\/uploads\/2024\/03\/nathalie-scaled-1-2048x2048.jpg 2048w\" sizes=\"auto, (max-width: 1024px) 100vw, 1024px\" \/><\/figure>\n\n\n\n<h3 class=\"wp-block-heading\">Nathalie Peslier<\/h3>\n\n\n\n<p>Comptable<br>46 ans<\/p>\n\n\n\n<h4 class=\"wp-block-heading\">Groupes de travail<\/h4>\n\n\n\n<ul class=\"wp-block-list\">\n<li>Action sociale<\/li>\n\n\n\n<li>Affaires scolaires<\/li>\n\n\n\n<li>Appels d&rsquo;offres<\/li>\n\n\n\n<li>Finances<\/li>\n<\/ul>\n<\/div>\n\n\n\n<div class=\"wp-block-column is-layout-flow wp-block-column-is-layout-flow\">\n<figure class=\"wp-block-image size-large is-resized\"><img loading=\"lazy\" decoding=\"async\" width=\"1024\" height=\"1024\" src=\"https:\/\/ldv.sace.fr\/wp-content\/uploads\/2024\/06\/elodie_m-scaled-1-1024x1024.jpg\" alt=\"\" class=\"wp-image-809\" style=\"width:333px\" srcset=\"https:\/\/ldv.sace.fr\/wp-content\/uploads\/2024\/06\/elodie_m-scaled-1-1024x1024.jpg 1024w, https:\/\/ldv.sace.fr\/wp-content\/uploads\/2024\/06\/elodie_m-scaled-1-300x300.jpg 300w, https:\/\/ldv.sace.fr\/wp-content\/uploads\/2024\/06\/elodie_m-scaled-1-150x150.jpg 150w, https:\/\/ldv.sace.fr\/wp-content\/uploads\/2024\/06\/elodie_m-scaled-1-768x768.jpg 768w, https:\/\/ldv.sace.fr\/wp-content\/uploads\/2024\/06\/elodie_m-scaled-1-1536x1536.jpg 1536w, https:\/\/ldv.sace.fr\/wp-content\/uploads\/2024\/06\/elodie_m-scaled-1-2048x2048.jpg 2048w\" sizes=\"auto, (max-width: 1024px) 100vw, 1024px\" \/><\/figure>\n\n\n\n<h3 class=\"wp-block-heading\">\u00c9lodie Mouezy<\/h3>\n\n\n\n<p>Gestionnaire administrative <br>41 ans<\/p>\n\n\n\n<h4 class=\"wp-block-heading\">Groupes de travail<\/h4>\n\n\n\n<ul class=\"wp-block-list\">\n<li>Affaires scolaires<\/li>\n\n\n\n<li>Communication<\/li>\n<\/ul>\n<\/div>\n<\/div>\n\n\n\n<div style=\"height:30px\" aria-hidden=\"true\" class=\"wp-block-spacer\"><\/div>\n\n\n\n<div class=\"wp-block-columns is-layout-flex wp-container-core-columns-is-layout-28f84493 wp-block-columns-is-layout-flex\">\n<div class=\"wp-block-column is-layout-flow wp-block-column-is-layout-flow\">\n<figure class=\"wp-block-image size-full is-resized\"><img loading=\"lazy\" decoding=\"async\" width=\"250\" height=\"300\" src=\"https:\/\/ldv.sace.fr\/wp-content\/uploads\/2024\/03\/Jerome-Palicot.png\" alt=\"\" class=\"wp-image-165\" style=\"aspect-ratio:1;object-fit:contain;width:333px\"\/><\/figure>\n\n\n\n<h3 class=\"wp-block-heading\">J\u00e9r\u00f4me Palicot<\/h3>\n\n\n\n<p>Agriculteur <br>51 ans<\/p>\n\n\n\n<h4 class=\"wp-block-heading\">Groupes de travail<\/h4>\n\n\n\n<ul class=\"wp-block-list\">\n<li>Appels d&rsquo;offres<\/li>\n\n\n\n<li>Travaux<\/li>\n<\/ul>\n<\/div>\n\n\n\n<div class=\"wp-block-column is-layout-flow wp-block-column-is-layout-flow\">\n<figure class=\"wp-block-image size-large is-resized\"><img loading=\"lazy\" decoding=\"async\" width=\"1024\" height=\"1024\" src=\"https:\/\/ldv.sace.fr\/wp-content\/uploads\/2024\/03\/philippe-scaled-1-1024x1024.jpg\" alt=\"\" class=\"wp-image-166\" style=\"width:333px\" srcset=\"https:\/\/ldv.sace.fr\/wp-content\/uploads\/2024\/03\/philippe-scaled-1-1024x1024.jpg 1024w, https:\/\/ldv.sace.fr\/wp-content\/uploads\/2024\/03\/philippe-scaled-1-300x300.jpg 300w, https:\/\/ldv.sace.fr\/wp-content\/uploads\/2024\/03\/philippe-scaled-1-150x150.jpg 150w, https:\/\/ldv.sace.fr\/wp-content\/uploads\/2024\/03\/philippe-scaled-1-768x768.jpg 768w, https:\/\/ldv.sace.fr\/wp-content\/uploads\/2024\/03\/philippe-scaled-1-1536x1536.jpg 1536w, https:\/\/ldv.sace.fr\/wp-content\/uploads\/2024\/03\/philippe-scaled-1-2048x2048.jpg 2048w\" sizes=\"auto, (max-width: 1024px) 100vw, 1024px\" \/><\/figure>\n\n\n\n<h3 class=\"wp-block-heading\">Philippe Defert <\/h3>\n\n\n\n<p>Ing\u00e9nieur informatique <br>48 ans<\/p>\n\n\n\n<h4 class=\"wp-block-heading\">Groupes de travail<\/h4>\n\n\n\n<ul class=\"wp-block-list\">\n<li>Appels d&rsquo;offres<\/li>\n\n\n\n<li>Finances<\/li>\n\n\n\n<li>Travaux<\/li>\n<\/ul>\n<\/div>\n<\/div>\n","protected":false},"excerpt":{"rendered":"<p>Antoine Valpr\u00e9mit, maire 1er vice-pr\u00e9sident de Mayenne Communaut\u00e9, conseiller d\u00e9partemental49 ans J\u00e9r\u00f4me Cormier, adjoint Conseiller p\u00e9dagogique52 ans Groupes de travail CONSEILLERS \u00c9lodie Chemineau Assistante maternelle 32 ans Groupes de travail [&hellip;]<\/p>\n","protected":false},"author":1,"featured_media":0,"parent":188,"menu_order":0,"comment_status":"closed","ping_status":"closed","template":"","meta":{"_EventAllDay":false,"_EventTimezone":"","_EventStartDate":"","_EventEndDate":"","_EventStartDateUTC":"","_EventEndDateUTC":"","_EventShowMap":false,"_EventShowMapLink":false,"_EventURL":"","_EventCost":"","_EventCostDescription":"","_EventCurrencySymbol":"","_EventCurrencyCode":"","_EventCurrencyPosition":"","_EventDateTimeSeparator":"","_EventTimeRangeSeparator":"","_EventOrganizerID":[],"_EventVenueID":[],"_OrganizerEmail":"","_OrganizerPhone":"","_OrganizerWebsite":"","_VenueAddress":"","_VenueCity":"","_VenueCountry":"","_VenueProvince":"","_VenueState":"","_VenueZip":"","_VenuePhone":"","_VenueURL":"","_VenueStateProvince":"","_VenueLat":"","_VenueLng":"","_VenueShowMap":false,"_VenueShowMapLink":false,"footnotes":""},"class_list":["post-771","page","type-page","status-publish","hentry"],"_links":{"self":[{"href":"https:\/\/ldv.sace.fr\/index.php\/wp-json\/wp\/v2\/pages\/771","targetHints":{"allow":["GET"]}}],"collection":[{"href":"https:\/\/ldv.sace.fr\/index.php\/wp-json\/wp\/v2\/pages"}],"about":[{"href":"https:\/\/ldv.sace.fr\/index.php\/wp-json\/wp\/v2\/types\/page"}],"author":[{"embeddable":true,"href":"https:\/\/ldv.sace.fr\/index.php\/wp-json\/wp\/v2\/users\/1"}],"replies":[{"embeddable":true,"href":"https:\/\/ldv.sace.fr\/index.php\/wp-json\/wp\/v2\/comments?post=771"}],"version-history":[{"count":9,"href":"https:\/\/ldv.sace.fr\/index.php\/wp-json\/wp\/v2\/pages\/771\/revisions"}],"predecessor-version":[{"id":822,"href":"https:\/\/ldv.sace.fr\/index.php\/wp-json\/wp\/v2\/pages\/771\/revisions\/822"}],"up":[{"embeddable":true,"href":"https:\/\/ldv.sace.fr\/index.php\/wp-json\/wp\/v2\/pages\/188"}],"wp:attachment":[{"href":"https:\/\/ldv.sace.fr\/index.php\/wp-json\/wp\/v2\/media?parent=771"}],"curies":[{"name":"wp","href":"https:\/\/api.w.org\/{rel}","templated":true}]}}